{"id":27,"date":"2012-05-10T12:08:58","date_gmt":"2012-05-10T12:08:58","guid":{"rendered":"http:\/\/www.paweljaniszewski.pl\/?page_id=27"},"modified":"2014-04-24T19:43:25","modified_gmt":"2014-04-24T19:43:25","slug":"praca","status":"publish","type":"page","link":"https:\/\/www.paweljaniszewski.pl\/?page_id=27","title":{"rendered":"Praca"},"content":{"rendered":"<p>Jestem pracownikiem naukowym posiadaj\u0105cym stopie\u0144 doktora habilitowanego. Pracuj\u0119 na stanowisku profesora uniwersyteckiego w Katedrze Hodowli Zwierz\u0105t Futerkowych i \u0141owiectwa, Uniwersytetu Warmi\u0144sko-Mazurskiego w Olsztynie.<\/p>\n<p>Jestem tak\u017ce zatrudniony na stanowisku profesora we Wszechnicy Polskiej Szkole Wy\u017cszej w Warszawie.<\/p>\n<p>Poni\u017cej za\u0142\u0105czam wykaz prac naukowych oraz artyku\u0142\u00f3w popularno-naukowych, kt\u00f3rych jestem autorem, b\u0105d\u017a wsp\u00f3\u0142autorem. <a href=\"http:\/\/www.paweljaniszewski.pl\/wp-content\/uploads\/2012\/05\/dorobek_2014.pdf\">dorobek_2014<\/a><\/p>\n<p>&nbsp;<\/p>\n<p>&nbsp;<\/p>\n<p>&nbsp;<\/p>\n","protected":false},"excerpt":{"rendered":"<p>Jestem pracownikiem naukowym posiadaj\u0105cym stopie\u0144 doktora habilitowanego. Pracuj\u0119 na stanowisku profesora uniwersyteckiego w Katedrze Hodowli Zwierz\u0105t Futerkowych i \u0141owiectwa, Uniwersytetu Warmi\u0144sko-Mazurskiego w Olsztynie. Jestem tak\u017ce zatrudniony na stanowisku profesora we Wszechnicy Polskiej Szkole Wy\u017cszej w Warszawie. Poni\u017cej za\u0142\u0105czam wykaz prac &hellip; <a href=\"https:\/\/www.paweljaniszewski.pl\/?page_id=27\">Czytaj dalej <span class=\"meta-nav\">&rarr;<\/span><\/a><\/p>\n","protected":false},"author":1,"featured_media":0,"parent":0,"menu_order":0,"comment_status":"closed","ping_status":"closed","template":"","meta":[],"_links":{"self":[{"href":"https:\/\/www.paweljaniszewski.pl\/index.php?rest_route=\/wp\/v2\/pages\/27"}],"collection":[{"href":"https:\/\/www.paweljaniszewski.pl\/index.php?rest_route=\/wp\/v2\/pages"}],"about":[{"href":"https:\/\/www.paweljaniszewski.pl\/index.php?rest_route=\/wp\/v2\/types\/page"}],"author":[{"embeddable":true,"href":"https:\/\/www.paweljaniszewski.pl\/index.php?rest_route=\/wp\/v2\/users\/1"}],"replies":[{"embeddable":true,"href":"https:\/\/www.paweljaniszewski.pl\/index.php?rest_route=%2Fwp%2Fv2%2Fcomments&post=27"}],"version-history":[{"count":14,"href":"https:\/\/www.paweljaniszewski.pl\/index.php?rest_route=\/wp\/v2\/pages\/27\/revisions"}],"predecessor-version":[{"id":131,"href":"https:\/\/www.paweljaniszewski.pl\/index.php?rest_route=\/wp\/v2\/pages\/27\/revisions\/131"}],"wp:attachment":[{"href":"https:\/\/www.paweljaniszewski.pl\/index.php?rest_route=%2Fwp%2Fv2%2Fmedia&parent=27"}],"curies":[{"name":"wp","href":"https:\/\/api.w.org\/{rel}","templated":true}]}}