{"id":155,"date":"2014-05-02T19:29:53","date_gmt":"2014-05-02T19:29:53","guid":{"rendered":"http:\/\/www.paweljaniszewski.pl\/?page_id=155"},"modified":"2016-05-09T18:20:12","modified_gmt":"2016-05-09T18:20:12","slug":"moje-ksiazki","status":"publish","type":"page","link":"https:\/\/www.paweljaniszewski.pl\/?page_id=155","title":{"rendered":"Moje ksi\u0105\u017cki"},"content":{"rendered":"<p>Poni\u017cej przedstawiam ksi\u0105\u017cki, kt\u00f3rych jestem autorem lub wsp\u00f3\u0142autorem.<\/p>\n<p>1. Zwierzyna gruba. Zasady prawid\u0142owego pozyskiwania. W-ctwo UWM Olsztyn, 2008<\/p>\n<p><a href=\"http:\/\/www.paweljaniszewski.pl\/wp-content\/uploads\/2014\/05\/1.jpg\"><img loading=\"lazy\" class=\"alignnone size-medium wp-image-158\" title=\"Zwierzyna gruba\" src=\"http:\/\/www.paweljaniszewski.pl\/wp-content\/uploads\/2014\/05\/1-219x300.jpg\" alt=\"\" width=\"219\" height=\"300\" srcset=\"https:\/\/www.paweljaniszewski.pl\/wp-content\/uploads\/2014\/05\/1-219x300.jpg 219w, https:\/\/www.paweljaniszewski.pl\/wp-content\/uploads\/2014\/05\/1-747x1024.jpg 747w, https:\/\/www.paweljaniszewski.pl\/wp-content\/uploads\/2014\/05\/1.jpg 1959w\" sizes=\"(max-width: 219px) 100vw, 219px\" \/><\/a><\/p>\n<p>&nbsp;<\/p>\n<p>2. Zwierz\u0119ta \u0142owne. Zasady prawid\u0142owego pozyskiwania i zagospodarowania. W-ctwo UWM Olsztyn, 2010<\/p>\n<p><a href=\"http:\/\/www.paweljaniszewski.pl\/wp-content\/uploads\/2014\/05\/2.jpg\"><img loading=\"lazy\" class=\"alignnone size-medium wp-image-163\" title=\"Zwierz\u0119ta \u0142owne\" src=\"http:\/\/www.paweljaniszewski.pl\/wp-content\/uploads\/2014\/05\/2-216x300.jpg\" alt=\"\" width=\"216\" height=\"300\" srcset=\"https:\/\/www.paweljaniszewski.pl\/wp-content\/uploads\/2014\/05\/2-216x300.jpg 216w, https:\/\/www.paweljaniszewski.pl\/wp-content\/uploads\/2014\/05\/2-738x1024.jpg 738w, https:\/\/www.paweljaniszewski.pl\/wp-content\/uploads\/2014\/05\/2.jpg 1998w\" sizes=\"(max-width: 216px) 100vw, 216px\" \/><\/a><\/p>\n<p>&nbsp;<\/p>\n<p>3. B\u00f3br europejski <em>Castor fiber<\/em>. W-ctwo BTL Works Warszawa, 2012<\/p>\n<p><a href=\"http:\/\/www.paweljaniszewski.pl\/wp-content\/uploads\/2012\/05\/okladka2.jpg\"><img loading=\"lazy\" class=\"alignnone size-medium wp-image-116\" title=\"B\u00f3br europejski\" src=\"http:\/\/www.paweljaniszewski.pl\/wp-content\/uploads\/2012\/05\/okladka2-214x300.jpg\" alt=\"ok\u0142adka ksi\u0105\u017cki\" width=\"214\" height=\"300\" srcset=\"https:\/\/www.paweljaniszewski.pl\/wp-content\/uploads\/2012\/05\/okladka2-214x300.jpg 214w, https:\/\/www.paweljaniszewski.pl\/wp-content\/uploads\/2012\/05\/okladka2-733x1024.jpg 733w, https:\/\/www.paweljaniszewski.pl\/wp-content\/uploads\/2012\/05\/okladka2.jpg 2013w\" sizes=\"(max-width: 214px) 100vw, 214px\" \/><\/a><\/p>\n<p>&nbsp;<\/p>\n<p>4. B\u00f3br europejski &#8211; in\u017cynier \u015brodowiska. W-ctwo Daunpol Warszawa, 2013<\/p>\n<p><a href=\"http:\/\/www.paweljaniszewski.pl\/wp-content\/uploads\/2014\/05\/4.jpg\"><img loading=\"lazy\" class=\"alignnone size-medium wp-image-167\" title=\"4\" src=\"http:\/\/www.paweljaniszewski.pl\/wp-content\/uploads\/2014\/05\/4-231x300.jpg\" alt=\"\" width=\"231\" height=\"300\" srcset=\"https:\/\/www.paweljaniszewski.pl\/wp-content\/uploads\/2014\/05\/4-231x300.jpg 231w, https:\/\/www.paweljaniszewski.pl\/wp-content\/uploads\/2014\/05\/4-788x1024.jpg 788w, https:\/\/www.paweljaniszewski.pl\/wp-content\/uploads\/2014\/05\/4.jpg 1624w\" sizes=\"(max-width: 231px) 100vw, 231px\" \/><\/a><\/p>\n<p>&nbsp;<\/p>\n<p>5. Ch\u00f3w i hodowla fermowa jeleniowatych. Wydawnictwo UWM Olsztyn, 2014<\/p>\n<p><a style=\"font-weight: 300;\" href=\"http:\/\/www.paweljaniszewski.pl\/wp-content\/uploads\/2014\/05\/fermowa.jpg\"><img loading=\"lazy\" class=\"alignnone size-medium wp-image-212\" title=\"fermowa\" src=\"http:\/\/www.paweljaniszewski.pl\/wp-content\/uploads\/2014\/05\/fermowa-212x300.jpg\" alt=\"\" width=\"212\" height=\"300\" srcset=\"https:\/\/www.paweljaniszewski.pl\/wp-content\/uploads\/2014\/05\/fermowa-212x300.jpg 212w, https:\/\/www.paweljaniszewski.pl\/wp-content\/uploads\/2014\/05\/fermowa-724x1024.jpg 724w, https:\/\/www.paweljaniszewski.pl\/wp-content\/uploads\/2014\/05\/fermowa.jpg 1945w\" sizes=\"(max-width: 212px) 100vw, 212px\" \/><\/a><\/p>\n<p>&nbsp;<\/p>\n<p>6. Atlas patologii dzikich zwierz\u0105t. Wydawnictwo OIKOS Warszawa, 2014\/2016<\/p>\n<p><a href=\"http:\/\/www.paweljaniszewski.pl\/wp-content\/uploads\/2014\/05\/atlas_patologii1.jpg\"><img loading=\"lazy\" class=\"alignnone size-medium wp-image-216\" title=\"atlas_patologii\" src=\"http:\/\/www.paweljaniszewski.pl\/wp-content\/uploads\/2014\/05\/atlas_patologii1-208x300.jpg\" alt=\"\" width=\"208\" height=\"300\" srcset=\"https:\/\/www.paweljaniszewski.pl\/wp-content\/uploads\/2014\/05\/atlas_patologii1-208x300.jpg 208w, https:\/\/www.paweljaniszewski.pl\/wp-content\/uploads\/2014\/05\/atlas_patologii1-710x1024.jpg 710w, https:\/\/www.paweljaniszewski.pl\/wp-content\/uploads\/2014\/05\/atlas_patologii1.jpg 1975w\" sizes=\"(max-width: 208px) 100vw, 208px\" \/><\/a><\/p>\n<p>&nbsp;<\/p>\n<p><span style=\"font-weight: 300;\">7. Myslivost. Wydawnictwo Druckvo Praha, 2016 (w j\u0119zyku czeskim)<\/span><\/p>\n<p><a href=\"http:\/\/www.paweljaniszewski.pl\/wp-content\/uploads\/2014\/05\/myslivost.jpg\"><img loading=\"lazy\" class=\"alignnone size-full wp-image-220\" title=\"myslivost\" src=\"http:\/\/www.paweljaniszewski.pl\/wp-content\/uploads\/2014\/05\/myslivost.jpg\" alt=\"\" width=\"210\" height=\"291\" \/><\/a><\/p>\n<p>&nbsp;<\/p>\n<p>&nbsp;<\/p>\n","protected":false},"excerpt":{"rendered":"<p>Poni\u017cej przedstawiam ksi\u0105\u017cki, kt\u00f3rych jestem autorem lub wsp\u00f3\u0142autorem. 1. Zwierzyna gruba. Zasady prawid\u0142owego pozyskiwania. W-ctwo UWM Olsztyn, 2008 &nbsp; 2. Zwierz\u0119ta \u0142owne. Zasady prawid\u0142owego pozyskiwania i zagospodarowania. W-ctwo UWM Olsztyn, 2010 &nbsp; 3. B\u00f3br europejski Castor fiber. W-ctwo BTL Works &hellip; <a href=\"https:\/\/www.paweljaniszewski.pl\/?page_id=155\">Czytaj dalej <span class=\"meta-nav\">&rarr;<\/span><\/a><\/p>\n","protected":false},"author":1,"featured_media":0,"parent":0,"menu_order":0,"comment_status":"closed","ping_status":"closed","template":"","meta":[],"_links":{"self":[{"href":"https:\/\/www.paweljaniszewski.pl\/index.php?rest_route=\/wp\/v2\/pages\/155"}],"collection":[{"href":"https:\/\/www.paweljaniszewski.pl\/index.php?rest_route=\/wp\/v2\/pages"}],"about":[{"href":"https:\/\/www.paweljaniszewski.pl\/index.php?rest_route=\/wp\/v2\/types\/page"}],"author":[{"embeddable":true,"href":"https:\/\/www.paweljaniszewski.pl\/index.php?rest_route=\/wp\/v2\/users\/1"}],"replies":[{"embeddable":true,"href":"https:\/\/www.paweljaniszewski.pl\/index.php?rest_route=%2Fwp%2Fv2%2Fcomments&post=155"}],"version-history":[{"count":21,"href":"https:\/\/www.paweljaniszewski.pl\/index.php?rest_route=\/wp\/v2\/pages\/155\/revisions"}],"predecessor-version":[{"id":225,"href":"https:\/\/www.paweljaniszewski.pl\/index.php?rest_route=\/wp\/v2\/pages\/155\/revisions\/225"}],"wp:attachment":[{"href":"https:\/\/www.paweljaniszewski.pl\/index.php?rest_route=%2Fwp%2Fv2%2Fmedia&parent=155"}],"curies":[{"name":"wp","href":"https:\/\/api.w.org\/{rel}","templated":true}]}}