{"id":137,"date":"2014-04-24T20:17:03","date_gmt":"2014-04-24T20:17:03","guid":{"rendered":"http:\/\/www.paweljaniszewski.pl\/?page_id=137"},"modified":"2014-05-04T13:00:20","modified_gmt":"2014-05-04T13:00:20","slug":"zapobieganie-szkodom-bobrowym","status":"publish","type":"page","link":"https:\/\/www.paweljaniszewski.pl\/?page_id=137","title":{"rendered":"Zapobieganie szkodom bobrowym"},"content":{"rendered":"<p>Od kilku lat zajmuj\u0119 si\u0119 zapobieganiem szkodom powodowanym przez bobry oraz \u0142agodzeniem konflikt\u00f3w pomi\u0119dzy gospodark\u0105 cz\u0142owieka a zmianami \u015brodowiskowymi powodowanymi przez te gryzonie.<\/p>\n<p>Poni\u017cej zamieszczam kilka zdj\u0119\u0107 z efektu moich &#8222;bobrowych interwencji&#8221;.<\/p>\n<p><a href=\"http:\/\/www.paweljaniszewski.pl\/wp-content\/uploads\/2014\/05\/U1.jpg\"><img loading=\"lazy\" class=\"alignnone size-thumbnail wp-image-185\" title=\"Urz\u0105dzenie 1\" src=\"http:\/\/www.paweljaniszewski.pl\/wp-content\/uploads\/2014\/05\/U1-150x150.jpg\" alt=\"\" width=\"150\" height=\"150\" \/><\/a>\u00a0 <a href=\"http:\/\/www.paweljaniszewski.pl\/wp-content\/uploads\/2014\/05\/U2.jpg\"><img loading=\"lazy\" class=\"alignnone size-thumbnail wp-image-188\" title=\"Urz\u0105dzenie 2\" src=\"http:\/\/www.paweljaniszewski.pl\/wp-content\/uploads\/2014\/05\/U2-150x150.jpg\" alt=\"\" width=\"150\" height=\"150\" \/><\/a>\u00a0 <a href=\"http:\/\/www.paweljaniszewski.pl\/wp-content\/uploads\/2014\/05\/U3.jpg\"><img loading=\"lazy\" class=\"alignnone size-thumbnail wp-image-190\" title=\"Urz\u0105dzenie 3\" src=\"http:\/\/www.paweljaniszewski.pl\/wp-content\/uploads\/2014\/05\/U3-150x150.jpg\" alt=\"\" width=\"150\" height=\"150\" \/><\/a><\/p>\n<p><a href=\"http:\/\/www.paweljaniszewski.pl\/wp-content\/uploads\/2014\/05\/U4.jpg\"><img loading=\"lazy\" class=\"alignnone size-thumbnail wp-image-192\" title=\"Urz\u0105dzenie 4\" src=\"http:\/\/www.paweljaniszewski.pl\/wp-content\/uploads\/2014\/05\/U4-150x150.jpg\" alt=\"\" width=\"150\" height=\"150\" \/><\/a>\u00a0 <a href=\"http:\/\/www.paweljaniszewski.pl\/wp-content\/uploads\/2014\/05\/U5.jpg\"><img loading=\"lazy\" class=\"alignnone size-thumbnail wp-image-194\" title=\"Urz\u0105dzenie 5\" src=\"http:\/\/www.paweljaniszewski.pl\/wp-content\/uploads\/2014\/05\/U5-150x150.jpg\" alt=\"\" width=\"150\" height=\"150\" \/><\/a>\u00a0 <a href=\"http:\/\/www.paweljaniszewski.pl\/wp-content\/uploads\/2014\/05\/U6.jpg\"><img loading=\"lazy\" class=\"alignnone size-thumbnail wp-image-197\" title=\"Urz\u0105dzenie 6\" src=\"http:\/\/www.paweljaniszewski.pl\/wp-content\/uploads\/2014\/05\/U6-150x150.jpg\" alt=\"\" width=\"150\" height=\"150\" \/><\/a><\/p>\n","protected":false},"excerpt":{"rendered":"<p>Od kilku lat zajmuj\u0119 si\u0119 zapobieganiem szkodom powodowanym przez bobry oraz \u0142agodzeniem konflikt\u00f3w pomi\u0119dzy gospodark\u0105 cz\u0142owieka a zmianami \u015brodowiskowymi powodowanymi przez te gryzonie. Poni\u017cej zamieszczam kilka zdj\u0119\u0107 z efektu moich &#8222;bobrowych interwencji&#8221;. \u00a0 \u00a0 \u00a0 \u00a0<\/p>\n","protected":false},"author":1,"featured_media":0,"parent":0,"menu_order":0,"comment_status":"closed","ping_status":"closed","template":"","meta":[],"_links":{"self":[{"href":"https:\/\/www.paweljaniszewski.pl\/index.php?rest_route=\/wp\/v2\/pages\/137"}],"collection":[{"href":"https:\/\/www.paweljaniszewski.pl\/index.php?rest_route=\/wp\/v2\/pages"}],"about":[{"href":"https:\/\/www.paweljaniszewski.pl\/index.php?rest_route=\/wp\/v2\/types\/page"}],"author":[{"embeddable":true,"href":"https:\/\/www.paweljaniszewski.pl\/index.php?rest_route=\/wp\/v2\/users\/1"}],"replies":[{"embeddable":true,"href":"https:\/\/www.paweljaniszewski.pl\/index.php?rest_route=%2Fwp%2Fv2%2Fcomments&post=137"}],"version-history":[{"count":11,"href":"https:\/\/www.paweljaniszewski.pl\/index.php?rest_route=\/wp\/v2\/pages\/137\/revisions"}],"predecessor-version":[{"id":187,"href":"https:\/\/www.paweljaniszewski.pl\/index.php?rest_route=\/wp\/v2\/pages\/137\/revisions\/187"}],"wp:attachment":[{"href":"https:\/\/www.paweljaniszewski.pl\/index.php?rest_route=%2Fwp%2Fv2%2Fmedia&parent=137"}],"curies":[{"name":"wp","href":"https:\/\/api.w.org\/{rel}","templated":true}]}}